umber?
False
Is 595955 a composite number?
True
Is 121403 composite?
False
Is 10753 prime?
True
Is 13997 composite?
False
Is 36991 prime?
False
Is 8033 prime?
False
Is 8402 composite?
True
Is 11257 prime?
True
Is 92431 a composite number?
False
Is 68317 prime?
False
Is 29787 a composite number?
True
Is 877 a composite number?
False
Is 133795 prime?
False
Is 1926803 prime?
True
Is 36373 composite?
False
Is 996253 prime?
True
Is 1953361 a composite number?
True
Is 5269 a prime number?
False
Is 4633 prime?
False
Is 9527 a prime number?
False
Is 464158 a prime number?
False
Is 86321 a prime number?
False
Is 22805 a prime number?
False
Is 14051 a composite number?
False
Is 99599 composite?
True
Is 1176601 a prime number?
True
Is 126683 a prime number?
True
Is 1935385 a prime number?
False
Is 51283 composite?
False
Is 19667 prime?
False
Is 7433 composite?
False
Is 1167 composite?
True
Is 45383 a composite number?
True
Is 2773 a composite number?
True
Is 8251 a composite number?
True
Is 445829 prime?
True
Is 96583 composite?
True
Is 101642 a composite number?
True
Is 8851 composite?
True
Is 1436758 a prime number?
False
Is 474197 a composite number?
False
Is 164491 composite?
True
Is 413207 a prime number?
True
Is 1199 a composite number?
True
Is 4409 a prime number?
True
Is 1559399 a prime number?
True
Is 99989 composite?
False
Is 46173 composite?
True
Is 33137 a prime number?
False
Is 257039 composite?
True
Is 11983 composite?
True
Is 153191 prime?
True
Is 3180971 prime?
True
Is 54503 a composite number?
False
Is 34403 a prime number?
True
Is 24782 a prime number?
False
Is 36541 prime?
True
Is 57991 prime?
True
Is 5737 a prime number?
True
Is 37187 a prime number?
False
Is 12323 a composite number?
False
Is 467651 composite?
False
Is 26303 composite?
True
Is 431017 composite?
False
Is 2089357 a composite number?
False
Is 601171 composite?
True
Is 6547 prime?
True
Is 119933 composite?
True
Is 45257 a composite number?
True
Is 312311 prime?
True
Is 797 composite?
False
Is 2507467 a composite number?
False
Is 312934 a composite number?
True
Is 4091 a composite number?
False
Is 850849 a prime number?
True
Is 55463 prime?
False
Is 46463 a prime number?
False
Is 9371 a prime number?
True
Is 27877 a prime number?
False
Is 1839 a prime number?
False
Is 121757 composite?
True
Is 1534511 composite?
True
Is 253717 a prime number?
True
Is 5731 prime?
False
Is 42587 composite?
True
Is 1195837 prime?
True
Is 453527 prime?
True
Is 5292953 a composite number?
False
Is 4187 a composite number?
True
Is 28879 composite?
False
Is 18571705 a prime number?
False
Is 223903 a prime number?
True
Is 159311 a composite number?
False
Is 1231 a composite number?
False
Is 6349 a prime number?
False
Is 31583 prime?
True
Is 56411 a prime number?
False
Is 302261 composite?
False
Is 9227 a prime number?
True
Is 118537 prime?
False
Is 40571 a composite number?
True
Is 2437 a composite number?
False
Is 133357 a prime number?
False
Is 34909 a prime number?
False
Is 84687 prime?
False
Is 276079 a prime number?
True
Is 40259 a composite number?
True
Is 2897 composite?
False
Is 62291 prime?
False
Is 28745 a composite number?
True
Is 6475739 prime?
True
Is 513829 a prime number?
True
Is 104069 prime?
False
Is 267829 a composite number?
False
Is 9505 prime?
False
Is 3568063 a composite number?
False
Is 19931 prime?
False
Is 225143 a prime number?
True
Is 3113 a prime number?
False
Is 81509 prime?
True
Is 12809 a composite number?
False
Is 2350603 a composite number?
True
Is 18119 a composite number?
False
Is 42815 composite?
True
Is 13939 prime?
False
Is 143799 a prime number?
False
Is 3293 a prime number?
False
Is 2395391 composite?
False
Is 163771 a composite number?
False
Is 139387 a composite number?
False
Is 14983 a composite number?
False
Is 3125497 prime?
True
Is 9127 a prime number?
True
Is 422803 composite?
False
Is 16217 a composite number?
False
Is 2757 composite?
True
Is 39821 composite?
False
Is 22657 a composite number?
True
Is 2759 prime?
False
Is 2437 prime?
True
Is 31549 prime?
False
Is 3605419 a prime number?
True
Is 8081 a prime number?
True
Is 136414 a prime number?
False
Is 2901 composite?
True
Is 10121 a composite number?
True
Is 192949 prime?
True
Is 6257 a prime number?
True
Is 187097 composite?
True
Is 17103 composite?
True
Is 791 a composite number?
True
Is 1425553 composite?
True
Is 136517 a composite number?
True
Is 728913 a prime number?
False
Is 72011 prime?
False
Is 436027 a prime number?
True
Is 66221 prime?
True
Is 16649 composite?
False
Is 27901 a composite number?
False
Is 21557 prime?
True
Is 37291 a prime number?
False
Is 8053 prime?
True
Is 15911 composite?
True
Is 17513 prime?
False
Is 144103 prime?
True
Is 2563 prime?
False
Is 42641 prime?
True
Is 21817 prime?
True
Is 1053953 prime?
True
Is 2153 a prime number?
True
Is 345869 a prime number?
True
Is 81799 a composite number?
False
Is 15493 a composite number?
False
Is 126479 composite?
True
Is 1821 a prime number?
False
Is 641 a prime number?
True
Is 478697 composite?
False
Is 407233 prime?
True
Is 10903 prime?
True
Is 72139 a prime number?
True
Is 4106969 prime?
True
Is 257 composite?
False
Is 1219 prime?
False
Is 17429 prime?
False
Is 64747 composite?
False
Is 3967 composite?
False
Is 1557839 a prime number?
True
Is 54109 a composite number?
True
Is 17957 prime?
True
Is 90469 a composite number?
False
Is 21849 a prime number?
False
Is 791291 a composite number?
False
Is 944003 composite?
False
Is 127519 a prime number?
False
Is 729127 a prime number?
False
Is 21506 a composite number?
True
Is 529 a composite number?
True
Is 4393 composite?
True
Is 17059 composite?
True
Is 1319 prime?
True
Is 456191 composite?
True
Is 9017 a composite number?
True
Is 205703 prime?
True
Is 7451 a composite number?
False
Is 846059 a prime number?
True
Is 24281 a composite number?
False
Is 4909 a prime number?
True
Is 55009 a composite number?
False
Is 272863 prime?
True
Is 39517 a prime number?
False
Is 37049 a prime number?
True
Is 57157 composite?
True
Is 32083 a prime number?
True
Is 146635 prime?
False
Is 10717 composite?
True
Is 27791 prime?
True
Is 11027 composite?
False
Is 481297 a composite number?
False
Is 302069 composite?
True
Is 18629 prime?
False
Is 1961 prime?
False
Is 95131 composite?
False
Is 37063 a composite number?
True
Is 410213 composite?
True
Is 23047 prime?
False
Is 140951 composite?
True
Is 291 prime?
False
Is 25867 a prime number?
True
Is 295187 a composite number?
False
Is 110471 prime?
False
Is 54017 a composite number?
True
Is 379 prime?
True
Is 137177 a composite number?
False
Is 7741 a composite number?
False
Is 458987 composite?
False
Is 208189 prime?
True
Is 231749 composite?
True
Is 408857 prime?
True
Is 22343 composite?
False
Is 3543 a composite number?
True
Is 226147 prime?
False
Is 133613 prime?
False
Is 6667 a prime number?
False
Is 15877 a composite number?
False
Is 927211 a prime number?
False
Is 521 a composite number?
False
Is 38191 a composite number?
True
Is 626357 a prime number?
False
Is 3073 a composite number?
True
Is 45251 a composite number?
True
Is 14963 a prime number?
False
Is 2102699 a composite number?
True
Is 1526749 a prime number?
False
Is 6371 prime?
False
Is 1598093 composite?
True
Is 199337 prime?
True
Is 23169 composite?
True
Is 676661 prime?
True
Is 524743 composite?
False
Is 9293 a prime number?
True
Is 52985 prime?
False
Is 7151 prime?
True
Is 2569 a composite number?
True
Is 119837 a composite number?
True
Is 3856321 composite?
True
Is 65451 prime?
False
Is 889 prime?
False
Is 1397 prime?
False
Is 1735 prime?
False
Is 42853 prime?
True
Is 14489 a composite number?
False
Is 25642 a prime number?
False
Is 10301 composite?
False
Is 809 prime?
True
Is 3221 composite?
False
Is 43423 a composite number?
True
Is 1660457 a composite number?
False
Is 5079 prime?
False
Is 2459 prime?
True
Is 65713 a prime number?
True
Is 1424273 prime?
False
Is 48947 prime?
True
Is 4573 a composite number?
True
Is 2579 prime?
True
Is 21541 composite?
True
Is 629 a composite number?
True
Is 73249 prime?
False
Is 11359 composite?
True
Is 907 prime?
True
Is 202017 a prime number?
False
Is 23497 a composite number?
False
Is 22271 composite?
False
Is 379837 a composite number?
Fal